vided by d.
0
Let f = -3299 + 3312. Calculate the remainder when 672 is divided by f.
9
Let y(d) = 2*d**2 - 29*d - 155. Let o = -11 + 6. What is the remainder when 156 is divided by y(o)?
36
Suppose 4*c - 174 = 30. Suppose 3*d = 2*d. Suppose 20*o - 15*o - 90 = d. What is the remainder when c is divided by o?
15
Suppose -2 + 2 = -6*f. Suppose 15 = a + 4*w, f*a - 2*a - 4*w + 42 = 0. Suppose 30 - a = y. Calculate the remainder when 8 is divided by y.
2
Suppose 6*p + j - 17 = 5*p, -4*p + 63 = 5*j. Calculate the remainder when 1107 is divided by p.
7
Suppose 49*c = 34*c + 2910. Let t = c + -180. What is the remainder when t is divided by 6?
2
Suppose 5*t - 1 = 14. Let w(z) be the first derivative of 13*z**3/3 - 8*z**2 - 16*z - 107. Calculate the remainder when w(-1) is divided by t.
1
Suppose 80 = -8*n + 224. Suppose -355*o + n = -353*o. What is the remainder when 60 is divided by o?
6
Suppose -9*b + 0 + 45 = 0. Calculate the remainder when 247 is divided by b.
2
Let p = -74 - -43. Let x = 89 + p. Let j(d) = d**2 + 28*d + 90. Calculate the remainder when x is divided by j(-3).
13
Let i(a) = a + 1. Let z be i(4). What is the remainder when 2*((-67)/(-10) + (-1)/z) is divided by 3?
1
Let s = -26232 - -28601. What is the remainder when s is divided by 15?
14
Let c(d) = d**3 + 7*d**2 - 7*d - 7. Let f(y) = 4*y + 16. Let u be f(-6). Let w be c(u). Calculate the remainder when (-1 - 14)/(0 + 5/w) is divided by 20.
5
Suppose 4*p + p - 98 = 3*u, -2*p = -u - 39. Let f(l) be the first derivative of l**3/3 - 13*l**2/2 - 6*l + 2. What is the remainder when f(p) is divided by 22?
20
Let z = -4698 + 4905. Calculate the remainder when 617 is divided by z.
203
Suppose -8*m = -18*m + 30. Suppose m*c + 5*h = -c + 656, 0 = -4*c - h + 640. What is the remainder when c is divided by 9?
6
Suppose 0*a + 124 = 4*a. Suppose -4*j + 35 = a. Calculate the remainder when (16/(-4) - -22)*1 + j is divided by 3.
1
Suppose 0 = -158*j + 153*j - 3140. Let o = -587 - j. Calculate the remainder when o is divided by 41.
0
Suppose -4*h - 15*h = 666 - 2148. Calculate the remainder when 324 is divided by h.
12
Suppose 268160 - 103020 = 230*u. What is the remainder when u is divided by 64?
14
Let k be 10/8 - (-93)/124. Suppose 6*g = 5*o + 7*g - 66, k*o + 5*g = 8. Calculate the remainder when 165 is divided by o.
11
Suppose 3305 = 5*u - 5*r + 3250, 3*u - 49 = -r. Calculate the remainder when 463 is divided by u.
13
Let v = 21 + -11. What is the remainder when v is divided by (-938)/268*(16/7)/(-1)?
2
Suppose -48*m = -30*m - 216. What is the remainder when 214 is divided by 70 + 1 + -11 + m?
70
Suppose 4*a + 1077 = 5*j - 6325, 0 = 4*a + 12. What is the remainder when j is divided by 40?
38
Let g be 21/1*4/6. Suppose 0 = -g*k + 16*k - 64. Calculate the remainder when 253 is divided by k.
29
Let s be 74/8 - 5/20. Suppose 53 = s*j - 64. Let y(z) = -z**2 + 14*z + 15. Calculate the remainder when 91 is divided by y(j).
7
Suppose -92*f + 94*f - 43 = -5*x, -x + f = 4. Let o = -64 - -90. What is the remainder when o is divided by x?
1
Suppose 378*d - 393*d = -7485. Calculate the remainder when d is divided by 158.
25
Let c = 5802 + -5356. Calculate the remainder when c is divided by 56.
54
Let k(o) = -o**3 - 3*o**2 - o + 4. Let u(p) = -30*p**2 + 185*p - 151. What is the remainder when k(-4) is divided by u(5)?
0
Let p be (-1 - 15*1)*(-517)/188. Suppose -4*q - 16 = -4*h, -17*q - p = -5*h - 20*q. Calculate the remainder when 104 is divided by h.
6
Let r(c) = 4*c**2 + 142*c + 106. What is the remainder when 507 is divided by r(-36)?
151
Let g(r) be the first derivative of r**3/3 - 3*r**2/2 + 42*r + 17. Calculate the remainder when g(11) is divided by 33.
31
Suppose -4*u - q + 625 = 0, -q - 150 = 78*u - 79*u. Calculate the remainder when 18753 is divided by u.
153
Suppose 18*u = 6*u - 30*u + 2940. Calculate the remainder when 621 is divided by u.
61
Let w(d) = -40*d + 349. What is the remainder when 171 is divided by w(8)?
26
Let h = -451 - -454. Suppose j = -b + h*j + 17, -b + 37 = 2*j. What is the remainder when 103 is divided by b?
22
Let w = 40220 + -40041. Calculate the remainder when w is divided by 2.
1
Let b(c) = c**2 - 5. Let y be (-1)/3 + (-26)/(-6). Let k(o) = -2*o**2 + 245*o - 4380. What is the remainder when k(22) is divided by b(y)?
9
Let v = 15 - -10. Let u be 2 - ((-7)/42 + (-17)/6). What is the remainder when v is divided by 18/u + 10 + (-480)/50?
1
Let c = -510 - -504. What is the remainder when 2*(15/20)/(c/(-596)) is divided by 50?
49
Let c(v) = -5*v - 156. Let s be c(-30). What is the remainder when 111 is divided by -4 - (-2)/(s/(-69))?
16
Suppose -51*s = 25*s - 18620. What is the remainder when s is divided by 23?
15
Suppose x - 90 = -16. Suppose 0 = -v + 5*q + 33, 96 = 2*v + q + 8. Calculate the remainder when x is divided by v.
31
Suppose -51*p + 52*p = -3*s + 93, -172 = -2*p - 4*s. Let l = -502 + 932. Calculate the remainder when l is divided by p.
70
Suppose -610*v + 520*v + 120960 = 0. What is the remainder when v is divided by 149?
3
Suppose 732*t - 3702399 - 1068777 = 0. Calculate the remainder when t is divided by 70.
8
Let t(k) = k**2 - 251*k + 6451. Calculate the remainder when t(29) is divided by 8.
5
Suppose 703*j - 323 = 686*j. Let a(v) = v**3 + 3*v**2 - 3*v + 4. Let h be a(-4). Suppose 4*i - 324 + 104 = h. Calculate the remainder when i is divided by j.
17
Suppose -1036 = -5*b - 4*j, -b + 4*j + 202 = 14. What is the remainder when b is divided by 201?
3
Let t(j) = -j**3 + 5*j**2 - 5*j + 3. Let o be t(3). Let y be -1 - -2 - (-18)/o. Calculate the remainder when (y/6)/(6/162) is divided by 11.
7
Suppose -4*d - 1104 = -5*l, -91 = 5*l + d - 1215. Let a = l + -222. What is the remainder when 90 is divided by a?
0
Let w(j) = 3*j - 19. Let y(q) = -q. Let c(n) = -w(n) - 2*y(n). Let h be c(17). What is the remainder when 25 - (h + 3/3) is divided by 12?
10
Let c = 643 - 593. What is the remainder when c is divided by 14?
8
Let x = 34 + -24. Let n = x + -5. Let v(p) = 4*p**2 - 12*p + 24. Calculate the remainder when v(3) is divided by n.
4
Let m(y) = 21*y - 231. What is the remainder when 227 is divided by m(14)?
38
Let q(i) = i**2 - i + 32. Let g be q(-18). Let s = g + -367. Calculate the remainder when 349 is divided by s.
6
Let u = -175 + 179. Let m = -117 + 138. Calculate the remainder when m is divided by u.
1
Let b = 452 + -432. Calculate the remainder when b is divided by (-42)/(-4) - 10/(-20).
9
Suppose 8342 = 40*t - 0 - 3858. Calculate the remainder when t is divided by 144.
17
Calculate the remainder when 16/(-24) - ((-22840)/12)/2 is divided by 6.
3
Let u = -216 - -215. What is the remainder when u/(-5) + (-379)/(-5) + -3 is divided by 20?
13
Suppose b - 91 = -4*t, 0 = -609*t + 611*t - b - 53. Let z(l) = 88*l + 3. Let n be z(4). Suppose 8*v - 3*v = n. Calculate the remainder when v is divided by t.
23
Let q(g) = g**3 + 7*g**2 - 29*g + 21. Let z be q(-10). Suppose -z = -5*d - 4*s + 284, 0 = -4*s. Calculate the remainder when 174 is divided by d.
56
Suppose -5*p - 37 = -j - 8, 4*j - 140 = -4*p. Calculate the remainder when 737 is divided by j.
23
Let y be ((-454)/(-8))/(-3*(-7)/84). Suppose -218*o + y*o - 360 = 0. Calculate the remainder when o is divided by 39.
1
What is the remainder when 134 is divided by (84/20)/((18/(-105))/(-7 - -5))?
36
Let r = -14337 - -14364. Let f(s) = s**2 + 5*s + 4. Let h be f(-4). Suppose h = -o + 6*o - 665. What is the remainder when o is divided by r?
25
Let x(f) = 0*f - 7*f + 27 - 71. Let n = -46 - -31. What is the remainder when x(n) is divided by 22?
17
Calculate the remainder when 310 is divided by (4 + 98)/3 + (3 - -2).
37
Suppose 2*k - 1317 = 2*h + 125, 3*k + h = 2187. What is the remainder when k is divided by 14?
13
Suppose -45*n + 33744 = 55*n + 11*n. Calculate the remainder when n is divided by 74.
8
Let u = -47598 + 24874. Calculate the remainder when 4/(-18) - u/117 is divided by 18.
14
Suppose -170 = -2*m + 40 - 10. What is the remainder when 541 is divided by m?
41
Let t = 11880 + -11848. Calculate the remainder when t is divided by (-150)/12*12/(-5).
2
Suppose 0 = -3*j, -120 = -3*d - 2*d - 5*j. Let z = 1278 - 826. Calculate the remainder when z is divided by d.
20
Suppose -3*y + 957 = 4*p, -y - 166*p + 165*p = -319. W